{"id":119368,"date":"2025-06-11T10:00:31","date_gmt":"2025-06-11T10:00:31","guid":{"rendered":"https:\/\/dearroyo.com\/tienda\/?post_type=product&#038;p=119368"},"modified":"2025-12-18T17:13:10","modified_gmt":"2025-12-18T17:13:10","slug":"vestido-florencia-invitada","status":"publish","type":"product","link":"https:\/\/dearroyo.com\/tienda\/producto\/vestido-florencia-invitada\/","title":{"rendered":"vestido florencia."},"content":{"rendered":"<p data-start=\"251\" data-end=\"472\"><strong data-start=\"251\" data-end=\"262\">El vestido FLORENCIA<\/strong> para invitada reinterpreta el cl\u00e1sico tweed en clave contempor\u00e1nea. Confeccionado en un tejido con l\u00farex suave y delicado brillo, incorpora detalles desflecados en algod\u00f3n que enmarcan la silueta y elevan su estructura. Cierre con cremallera invisible en la espalda y bolsillos delantero de plastr\u00f3n.<\/p>\n<p data-start=\"1123\" data-end=\"1279\">Un dise\u00f1o elegante y vers\u00e1til, perfecto para eventos de d\u00eda o como fondo de armario atemporal para invitadas que buscan algo distinto, sutil y especial.<\/p>\n<p data-start=\"733\" data-end=\"826\">Prenda confeccionada mediante un proceso consciente, cuidado y controlado por nuestro equipo.<\/p>\n<p data-start=\"907\" data-end=\"1035\"><strong data-start=\"907\" data-end=\"932\">Cuidado de la prenda:<\/strong> no lavar en agua, no usar lej\u00eda, no secar en secadora ni planchar. Limpieza en seco por especialistas.<\/p>\n","protected":false},"excerpt":{"rendered":"<p>\u26a0\ufe0f \u00daLTIMA UNIDAD DISPONIBLE \u2013 TALLA 36 \u26a0\ufe0f<br \/>\nEste tejido no se repone. <strong>Env\u00edo inmediato.<\/strong><\/p>\n<p>Vestido midi en tweed de l\u00farex con detalles desflEcados en algod\u00f3n. Cierre trasero con cremallera invisible, bolsillos delanteros y abertura. Elegancia texturizada con un gui\u00f1o retro.<\/p>\n<p>Composici\u00f3n tejido 100% PL.<\/p>\n","protected":false},"featured_media":119402,"comment_status":"open","ping_status":"closed","template":"","meta":[],"product_brand":[],"product_cat":[187,376,402,460],"product_tag":[325,326,327,390,411,412,431,432,448,449,450,455,456,457],"class_list":{"0":"post-119368","1":"product","2":"type-product","3":"status-publish","4":"has-post-thumbnail","6":"product_cat-vestido","7":"product_cat-dearroyo-studio","8":"product_cat-comprar","9":"product_cat-precios-especiales","10":"product_tag-boda-dia","11":"product_tag-boda-tarde","12":"product_tag-boda-noche","13":"product_tag-tweed","14":"product_tag-comunion","15":"product_tag-bautizo","16":"product_tag-boda","17":"product_tag-evento","18":"product_tag-florencia","19":"product_tag-vestido-florencia","20":"product_tag-invitada","21":"product_tag-invitada-comunion","22":"product_tag-tweed-lurex","23":"product_tag-desflecados","24":"product_shipping_class-compra","26":"first","27":"instock","28":"sale","29":"taxable","30":"shipping-taxable","31":"purchasable","32":"product-type-simple"},"yoast_head":"<!-- This site is optimized with the Yoast SEO plugin v26.6 - https:\/\/yoast.com\/wordpress\/plugins\/seo\/ -->\n<title>vestido florencia. - DE ARROYO. studio \u2013 vestidos de invitada desde Madrid<\/title>\n<meta name=\"description\" content=\"FLORENCIA es un vestido para invitada con personalidad, perfecto para invitadas de oto\u00f1o que buscan algo distinto en sus formas.\" \/>\n<meta name=\"robots\" content=\"index, follow, max-snippet:-1, max-image-preview:large, max-video-preview:-1\" \/>\n<link rel=\"canonical\" href=\"https:\/\/dearroyo.com\/tienda\/producto\/vestido-florencia-invitada\/\" \/>\n<meta property=\"og:locale\" content=\"es_ES\" \/>\n<meta property=\"og:type\" content=\"article\" \/>\n<meta property=\"og:title\" content=\"vestido florencia. - DE ARROYO. studio \u2013 vestidos de invitada desde Madrid\" \/>\n<meta property=\"og:description\" content=\"FLORENCIA es un vestido para invitada con personalidad, perfecto para invitadas de oto\u00f1o que buscan algo distinto en sus formas.\" \/>\n<meta property=\"og:url\" content=\"https:\/\/dearroyo.com\/tienda\/producto\/vestido-florencia-invitada\/\" \/>\n<meta property=\"og:site_name\" content=\"DE ARROYO. studio \u2013 vestidos de invitada desde Madrid\" \/>\n<meta property=\"article:modified_time\" content=\"2025-12-18T17:13:10+00:00\" \/>\n<meta property=\"og:image\" content=\"https:\/\/dearroyo.com\/tienda\/wp-content\/uploads\/2025\/10\/florencia-lurex-modelo-de.jpeg\" \/>\n\t<meta property=\"og:image:width\" content=\"1080\" \/>\n\t<meta property=\"og:image:height\" content=\"1440\" \/>\n\t<meta property=\"og:image:type\" content=\"image\/jpeg\" \/>\n<meta name=\"twitter:card\" content=\"summary_large_image\" \/>\n<meta name=\"twitter:label1\" content=\"Tiempo de lectura\" \/>\n\t<meta name=\"twitter:data1\" content=\"1 minuto\" \/>\n<script type=\"application\/ld+json\" class=\"yoast-schema-graph\">{\"@context\":\"https:\/\/schema.org\",\"@graph\":[{\"@type\":\"WebPage\",\"@id\":\"https:\/\/dearroyo.com\/tienda\/producto\/vestido-florencia-invitada\/\",\"url\":\"https:\/\/dearroyo.com\/tienda\/producto\/vestido-florencia-invitada\/\",\"name\":\"vestido florencia. - DE ARROYO. studio \u2013 vestidos de invitada desde Madrid\",\"isPartOf\":{\"@id\":\"https:\/\/dearroyo.com\/tienda\/#website\"},\"primaryImageOfPage\":{\"@id\":\"https:\/\/dearroyo.com\/tienda\/producto\/vestido-florencia-invitada\/#primaryimage\"},\"image\":{\"@id\":\"https:\/\/dearroyo.com\/tienda\/producto\/vestido-florencia-invitada\/#primaryimage\"},\"thumbnailUrl\":\"https:\/\/dearroyo.com\/tienda\/wp-content\/uploads\/2025\/10\/florencia-lurex-modelo-de.jpeg\",\"datePublished\":\"2025-06-11T10:00:31+00:00\",\"dateModified\":\"2025-12-18T17:13:10+00:00\",\"description\":\"FLORENCIA es un vestido para invitada con personalidad, perfecto para invitadas de oto\u00f1o que buscan algo distinto en sus formas.\",\"breadcrumb\":{\"@id\":\"https:\/\/dearroyo.com\/tienda\/producto\/vestido-florencia-invitada\/#breadcrumb\"},\"inLanguage\":\"es\",\"potentialAction\":[{\"@type\":\"ReadAction\",\"target\":[\"https:\/\/dearroyo.com\/tienda\/producto\/vestido-florencia-invitada\/\"]}]},{\"@type\":\"ImageObject\",\"inLanguage\":\"es\",\"@id\":\"https:\/\/dearroyo.com\/tienda\/producto\/vestido-florencia-invitada\/#primaryimage\",\"url\":\"https:\/\/dearroyo.com\/tienda\/wp-content\/uploads\/2025\/10\/florencia-lurex-modelo-de.jpeg\",\"contentUrl\":\"https:\/\/dearroyo.com\/tienda\/wp-content\/uploads\/2025\/10\/florencia-lurex-modelo-de.jpeg\",\"width\":1080,\"height\":1440,\"caption\":\"vista delantero en modelo -vestido florencia\"},{\"@type\":\"BreadcrumbList\",\"@id\":\"https:\/\/dearroyo.com\/tienda\/producto\/vestido-florencia-invitada\/#breadcrumb\",\"itemListElement\":[{\"@type\":\"ListItem\",\"position\":1,\"name\":\"Portada\",\"item\":\"https:\/\/dearroyo.com\/tienda\/\"},{\"@type\":\"ListItem\",\"position\":2,\"name\":\"Home\",\"item\":\"https:\/\/dearroyo.com\/tienda\/\"},{\"@type\":\"ListItem\",\"position\":3,\"name\":\"vestido florencia.\"}]},{\"@type\":\"WebSite\",\"@id\":\"https:\/\/dearroyo.com\/tienda\/#website\",\"url\":\"https:\/\/dearroyo.com\/tienda\/\",\"name\":\"DE ARROYO. studio \u2013 vestidos de invitada desde Madrid\",\"description\":\"colecci\u00f3n dearroyo studio de venta online para invitada con confecci\u00f3n limitada, dise\u00f1o propio y producci\u00f3n en Espa\u00f1a.\",\"potentialAction\":[{\"@type\":\"SearchAction\",\"target\":{\"@type\":\"EntryPoint\",\"urlTemplate\":\"https:\/\/dearroyo.com\/tienda\/?s={search_term_string}\"},\"query-input\":{\"@type\":\"PropertyValueSpecification\",\"valueRequired\":true,\"valueName\":\"search_term_string\"}}],\"inLanguage\":\"es\"}]}<\/script>\n<!-- \/ Yoast SEO plugin. -->","yoast_head_json":{"title":"vestido florencia. - DE ARROYO. studio \u2013 vestidos de invitada desde Madrid","description":"FLORENCIA es un vestido para invitada con personalidad, perfecto para invitadas de oto\u00f1o que buscan algo distinto en sus formas.","robots":{"index":"index","follow":"follow","max-snippet":"max-snippet:-1","max-image-preview":"max-image-preview:large","max-video-preview":"max-video-preview:-1"},"canonical":"https:\/\/dearroyo.com\/tienda\/producto\/vestido-florencia-invitada\/","og_locale":"es_ES","og_type":"article","og_title":"vestido florencia. - DE ARROYO. studio \u2013 vestidos de invitada desde Madrid","og_description":"FLORENCIA es un vestido para invitada con personalidad, perfecto para invitadas de oto\u00f1o que buscan algo distinto en sus formas.","og_url":"https:\/\/dearroyo.com\/tienda\/producto\/vestido-florencia-invitada\/","og_site_name":"DE ARROYO. studio \u2013 vestidos de invitada desde Madrid","article_modified_time":"2025-12-18T17:13:10+00:00","og_image":[{"width":1080,"height":1440,"url":"https:\/\/dearroyo.com\/tienda\/wp-content\/uploads\/2025\/10\/florencia-lurex-modelo-de.jpeg","type":"image\/jpeg"}],"twitter_card":"summary_large_image","twitter_misc":{"Tiempo de lectura":"1 minuto"},"schema":{"@context":"https:\/\/schema.org","@graph":[{"@type":"WebPage","@id":"https:\/\/dearroyo.com\/tienda\/producto\/vestido-florencia-invitada\/","url":"https:\/\/dearroyo.com\/tienda\/producto\/vestido-florencia-invitada\/","name":"vestido florencia. - DE ARROYO. studio \u2013 vestidos de invitada desde Madrid","isPartOf":{"@id":"https:\/\/dearroyo.com\/tienda\/#website"},"primaryImageOfPage":{"@id":"https:\/\/dearroyo.com\/tienda\/producto\/vestido-florencia-invitada\/#primaryimage"},"image":{"@id":"https:\/\/dearroyo.com\/tienda\/producto\/vestido-florencia-invitada\/#primaryimage"},"thumbnailUrl":"https:\/\/dearroyo.com\/tienda\/wp-content\/uploads\/2025\/10\/florencia-lurex-modelo-de.jpeg","datePublished":"2025-06-11T10:00:31+00:00","dateModified":"2025-12-18T17:13:10+00:00","description":"FLORENCIA es un vestido para invitada con personalidad, perfecto para invitadas de oto\u00f1o que buscan algo distinto en sus formas.","breadcrumb":{"@id":"https:\/\/dearroyo.com\/tienda\/producto\/vestido-florencia-invitada\/#breadcrumb"},"inLanguage":"es","potentialAction":[{"@type":"ReadAction","target":["https:\/\/dearroyo.com\/tienda\/producto\/vestido-florencia-invitada\/"]}]},{"@type":"ImageObject","inLanguage":"es","@id":"https:\/\/dearroyo.com\/tienda\/producto\/vestido-florencia-invitada\/#primaryimage","url":"https:\/\/dearroyo.com\/tienda\/wp-content\/uploads\/2025\/10\/florencia-lurex-modelo-de.jpeg","contentUrl":"https:\/\/dearroyo.com\/tienda\/wp-content\/uploads\/2025\/10\/florencia-lurex-modelo-de.jpeg","width":1080,"height":1440,"caption":"vista delantero en modelo -vestido florencia"},{"@type":"BreadcrumbList","@id":"https:\/\/dearroyo.com\/tienda\/producto\/vestido-florencia-invitada\/#breadcrumb","itemListElement":[{"@type":"ListItem","position":1,"name":"Portada","item":"https:\/\/dearroyo.com\/tienda\/"},{"@type":"ListItem","position":2,"name":"Home","item":"https:\/\/dearroyo.com\/tienda\/"},{"@type":"ListItem","position":3,"name":"vestido florencia."}]},{"@type":"WebSite","@id":"https:\/\/dearroyo.com\/tienda\/#website","url":"https:\/\/dearroyo.com\/tienda\/","name":"DE ARROYO. studio \u2013 vestidos de invitada desde Madrid","description":"colecci\u00f3n dearroyo studio de venta online para invitada con confecci\u00f3n limitada, dise\u00f1o propio y producci\u00f3n en Espa\u00f1a.","potentialAction":[{"@type":"SearchAction","target":{"@type":"EntryPoint","urlTemplate":"https:\/\/dearroyo.com\/tienda\/?s={search_term_string}"},"query-input":{"@type":"PropertyValueSpecification","valueRequired":true,"valueName":"search_term_string"}}],"inLanguage":"es"}]}},"_links":{"self":[{"href":"https:\/\/dearroyo.com\/tienda\/wp-json\/wp\/v2\/product\/119368","targetHints":{"allow":["GET"]}}],"collection":[{"href":"https:\/\/dearroyo.com\/tienda\/wp-json\/wp\/v2\/product"}],"about":[{"href":"https:\/\/dearroyo.com\/tienda\/wp-json\/wp\/v2\/types\/product"}],"replies":[{"embeddable":true,"href":"https:\/\/dearroyo.com\/tienda\/wp-json\/wp\/v2\/comments?post=119368"}],"wp:featuredmedia":[{"embeddable":true,"href":"https:\/\/dearroyo.com\/tienda\/wp-json\/wp\/v2\/media\/119402"}],"wp:attachment":[{"href":"https:\/\/dearroyo.com\/tienda\/wp-json\/wp\/v2\/media?parent=119368"}],"wp:term":[{"taxonomy":"product_brand","embeddable":true,"href":"https:\/\/dearroyo.com\/tienda\/wp-json\/wp\/v2\/product_brand?post=119368"},{"taxonomy":"product_cat","embeddable":true,"href":"https:\/\/dearroyo.com\/tienda\/wp-json\/wp\/v2\/product_cat?post=119368"},{"taxonomy":"product_tag","embeddable":true,"href":"https:\/\/dearroyo.com\/tienda\/wp-json\/wp\/v2\/product_tag?post=119368"}],"curies":[{"name":"wp","href":"https:\/\/api.w.org\/{rel}","templated":true}]}}